t -82761 (base 15) to base 2.
-1100100111011101000
Convert 1002201111 (base 3) to base 8.
52243
What is -629b95 (base 12) in base 5?
-344123323
What is 406162 (base 7) in base 12?
34197
What is -2b660b4 (base 12) in base 5?
-4231002130
101022200110 (base 3) to base 10
203160
Convert 1101200000112 (base 3) to base 16.
b501f
What is -1e4aa5 (base 16) in base 14?
-399673
2213133331 (base 4) to base 11
429507
64244411 (base 7) to base 12
19b1948
What is 111011111100000 (base 2) in base 7?
155320
Convert -62708 (base 9) to base 12.
-1bb5b
What is 441b2 (base 15) in base 2?
110100110101001000
Convert -1380308 (base 9) to base 4.
-2321313233
Convert 39537 (base 10) to base 2.
1001101001110001
What is 111001000001010100 (base 2) in base 13?
823cb
What is -dbdce (base 15) in base 4?
-2222200001
Convert -91282 (base 11) to base 10.
-133432
What is 476314 (base 16) in base 7?
54523465
What is 627082 (base 9) in base 3?
200221002202
What is -15742 (base 15) in base 7?
-405365
3422410031 (base 5) to base 13
176b685
-10a8c6 (base 15) to base 12
-324173
8053a (base 15) to base 11
258195
Convert 11011100010110100 (base 2) to base 15.
23665
What is -250815 (base 9) in base 10?
-151565
5ec13 (base 15) to base 5
34144333
Convert -11101110011001001001 (base 2) to base 9.
-1747402
-611742 (base 13) to base 12
-90b889
101001110001011010010 (base 2) to base 7
14430426
-1048932 (base 12) to base 8
-13607466
325e09 (base 15) to base 4
21021302301
What is -44331321 (base 5) in base 16?
-5e59d
2a21b (base 14) to base 9
168541
110110300 (base 4) to base 11
57600
What is 163386 (base 11) in base 7?
2103423
Convert 10a9c2c (base 13) to base 7.
61432453
Convert 24030334 (base 5) to base 13.
79605
Convert -1010422140 (base 5) to base 11.
-117772a
What is 1125043 (base 7) in base 2?
100010011011001100
-114111000 (base 5) to base 11
-336058
Convert 11131111 (base 4) to base 7.
122116
-739a48 (base 12) to base 15
-25e8a5
Convert 201312021212 (base 4) to base 14.
126d618
Convert 75a804 (base 12) to base 15.
26c42a
Convert 2a898c (base 13) to base 7.
11621446
8650837 (base 9) to base 13
c6586c
What is -2020210102 (base 3) in base 12?
-21792
What is -42420321 (base 5) in base 10?
-357586
30240311 (base 5) to base 4
323120012
414640 (base 8) to base 14
3822c
433604 (base 7) to base 6
1342422
Convert -450808 (base 12) to base 5.
-240201133
3b074b (base 12) to base 13
282119
Convert 13421213 (base 5) to base 15.
2b273
What is 179a0 (base 15) in base 9?
125746
-a81eb (base 16) to base 15
-d907e
What is 11c264 (base 13) in base 12?
186a92
Convert 7b8b5 (base 12) to base 14.
4441b
-242902 (base 14) to base 15
-1965cb
12002120210 (base 3) to base 4
120133023
55592 (base 10) to base 13
1c3c4
What is 410407 (base 8) in base 3?
20212202222
What is 80b42 (base 15) in base 16?
637f1
-11020012203 (base 4) to base 11
-838774
What is -1101000101101000 (base 2) in base 16?
-d168
Convert -10100111010011110101 (base 2) to base 11.
-428971
141b9 (base 14) to base 8
141127
494290 (base 10) to base 7
4126036
b3818 (base 12) to base 2
111001001111010100
What is 124121203 (base 5) in base 13?
186593
-a2a8c (base 14) to base 10
-391732
Convert 1b5103a (base 12) to base 8.
26167756
Convert 13563 (base 7) to base 16.
e88
What is -5411b77 (base 12) in base 8?
-74657113
What is 470748 (base 10) in base 13?
136365
-103322 (base 4) to base 6
-5522
Convert 1253324 (base 6) to base 16.
10f54
Convert -24d08 (base 15) to base 13.
-41747
What is 15d254 (base 15) in base 11?
662082
1301301103 (base 4) to base 10
466003
54551 (base 13) to base 4
211032320
What is 10110010000101011101 (base 2) in base 12?
2b2165
1021451 (base 10) to base 16
f960b
Convert 1a9a8 (base 16) to base 12.
53088
What is -3dea4 (base 16) in base 5?
-31103404
Convert -77020 (base 8) to base 11.
-22279
Convert -5013b6 (base 12) to base 5.
-304341313
11a49 (base 16) to base 15
1662a
What is -408149 (base 11) in base 15?
-ce136
Convert -93b70 (base 15) to base 5.
-104441310
What is -1013212012 (base 4) in base 15?
-5bd54
Convert 131231331 (base 4) to base 7.
1014612
Convert -251316525 (base 7) to base 10.
-15820110
What is -104641512 (base 7) in base 9?
-12842610
-1010011011101101100001 (base 2) to base 7
-32150413
Convert a250a (base 15) to base 4.
1331201113
Convert -110011111100101001001 (base 2) to base 16.
-19f949
Convert -7dd61 (base 16) to base 2.
-1111101110101100001
Convert -111111010111000101111 (base 2) to base 6.
-112300023
What is 23614 (base 9) in base 16?
3dc0
What is 3536166 (base 7) in base 11?
285384
2022321123 (base 4) to base 11
359493
Convert -78b291 (base 13) to base 10.
-2852162
-34779 (base 14) to base 2
-11111001011010111
-54463 (base 7) to base 16
-3532
What is 227da8 (base 16) in base 5?
1034313032
What is 16106 (base 9) in base 10?
11022
Convert 1011100100110010011 (base 2) to base 15.
775a8
What is -13017 (base 11) in base 13?
-864a
What is -420d29 (base 16) in base 3?
-22010220220220
-272891 (base 14) to base 5
-321223433
Convert -101661441 (base 7) to base 14.
-b21d58
1011011000110101101 (base 2) to base 3
200221212221
Convert 3b1c7 (base 14) to base 8.
434613
Convert 42121432 (base 5) to base 6.
11244451
What is -165211406 (base 7) in base 9?
-23280018
What is -100011101111001010001111 (base 2) in base 5?
-4344240312
Convert 1cd4ad (base 14) to base 15.
156bd5
What is 2241523 (base 8) in base 6?
21002243
What is 12831214 (base 9) in base 13?
140c2b4
133403314 (base 5) to base 12
290396
What is -663844 (base 10) in base 9?
-1221554
What is 200000221220202 (base 3) in base 12?
326293b
What is a92b77 (base 13) in base 3?
21111000111111
-633689 (base 11) to base 2
-11110111110100000101
What is 488cb8 (base 13) in base 3?
10021001210120
13666521 (base 7) to base 13
36401a
What is 1200200221120 (base 3) in base 8?
3334733
What is 17294b (base 12) in base 7?
3250445
Convert 11001022020 (base 3) to base 12.
3a143
1110001100010010 (base 2) to base 16
e312
Convert -23511552 (base 6) to base 12.
-2b85b8
Convert 6320643 (base 7) to base 3.
1102200111120
What is -257205 (base 9) in base 16?
-2620d
57345 (base 10) to base 13
20142
What is 212443 (base 6) in base 5?
1024301
672890 (base 10) to base 2
10100100010001111010
11100301413 (base 5) to base 12
4085373
-201102211 (base 4) to base 16
-214a5
Convert -190da (base 15) to base 9.
-133347
Convert 10f25 (base 16) to base 3.
10112012212
What is 128705 (base 10) in base 8?
373301
Convert -17c3c1 (base 13) to base 8.
-2220350
Convert -1526481 (base 10) to base 9.
-2775840
a6f59b (base 16) to base 5
10300114401
What is -10020002102010 (base 3) in base 13?
-48030c
What is 21601757 (base 8) in base 16?
4703ef
What is 31021133011 (base 4) in base 15?
4813ba
14240405 (base 6) to base 13
140b3a
What is 203013032 (base 4) in base 11?
99068
What is -27ab9 (base 14) in base 10?
-98163
Convert 11000113323 (base 4) to base 13.
36c3a5
What is 15c8d9 (base 16) in base 12?
58a249
1222101212111 (base 3) to base 16
1009f3
Convert -44168ab (base 12) to base 11.
-735a880
What is -b0ab0 (base 14) in base 12?
-18592a
What is 63634332 (base 7) in base 6?
311453320
-142311340 (base 5) to base 3
-1101211101121
What is -48a57 (base 14) in base 11?
-111523
What is 144a2b8 (base 13) in base 16?
62662c
What is 34422005 (base 6) in base 14?
1d8709
What is 10010101100110101001000 (base 2) in base 7?
56445114
What is -11112120001122 (base 3) in base 9?
-4476048
3011441410 (base 5) to base 14
b150b1
What is 10222112312 (base 4) in base 12?
4ab272
Convert -650968 (base 10) to base 3.
-1020001221221
Convert -4450 (base 9) to base 12.
-1a99
10030023100 (base 5) to base 16
989cf2
Convert 133b0c (base 13) to base 10.
465438
Convert -1010111110101100111011 (base 2) to base 6.
-141405151
-782701 (base 9) to base 4
-1302032101
Convert -20824a9 (base 12) to base 4.
-113123201001
What is -1c755a (base 14) in base 15?
-151e3e
What is 13101323 (base 4) in base 11?
20449
What is 1001100000010110 (base 2) in base 11?
27285
Convert 21321021010 (base 4) to base 16.
279244
122313323223 (base 4) to base 12
2438a63
Convert -19319 (base 12) to base 7.
-212055
What is -13603501 (base 7) in base 6?
-43223251
What is 1001012312 (base 4) in base 15?
54038
Convert 212510430 (base 6) to base 11.
2147635
What is -10bd3 (base 15) in ba